{"id":341,"date":"2012-04-16T13:42:03","date_gmt":"2012-04-16T13:42:03","guid":{"rendered":"http:\/\/crconsorcios.com.ar?page_id=341"},"modified":"2012-04-16T14:00:07","modified_gmt":"2012-04-16T14:00:07","slug":"informe-socio-ambiental","status":"publish","type":"page","link":"https:\/\/crconsorcios.com.ar\/?page_id=341","title":{"rendered":"Informe Socio Ambiental"},"content":{"rendered":"<p><strong>INFORME SOCIO AMBIENTAL<\/strong><\/p>\n<p>Comprende una visita al domicilio del postulante, a los efectos de su verificaci\u00f3n, ocupaci\u00f3n de los integrantes del grupo familiar, aspecto e impresi\u00f3n del hogar y otros datos que nos permitan conocerlo fehacientemente.<\/p>\n<p>&nbsp;<\/p>\n<ul>\n<li>Ubicaci\u00f3n de la vivienda.<\/li>\n<li>Medios de transporte.<\/li>\n<li>Grupo familiar de convivencia.<\/li>\n<li>Estudios cursados\/conocimientos adquiridos;<\/li>\n<li>Informaci\u00f3n patrimonial.<\/li>\n<li>Informaci\u00f3n financiera.<\/li>\n<li>Actividades comunitarias.<\/li>\n<li>Actividades pol\u00edticas y \/o gremiales.<\/li>\n<li>Expectativas con la posibilidad del nuevo empleo.<\/li>\n<li>Referencias laborales.<\/li>\n<li>Referencias vecinales.<\/li>\n<li>Referencias comerciales en zona.<\/li>\n<\/ul>\n<style type=\"text\/css\">\n\t\t\t#gallery-1 {\n\t\t\t\tmargin: auto;\n\t\t\t}\n\t\t\t#gallery-1 .gallery-item {\n\t\t\t\tfloat: left;\n\t\t\t\tmargin-top: 10px;\n\t\t\t\ttext-align: center;\n\t\t\t\twidth: 33%;\n\t\t\t}\n\t\t\t#gallery-1 img {\n\t\t\t\tborder: 2px solid #cfcfcf;\n\t\t\t}\n\t\t\t#gallery-1 .gallery-caption {\n\t\t\t\tmargin-left: 0;\n\t\t\t}\n\t\t\t\/* see gallery_shortcode() in wp-includes\/media.php *\/\n\t\t<\/style>\n<div id='gallery-1' class='gallery galleryid-341 gallery-columns-3 gallery-size-thumbnail'>\n<dl class='gallery-item'>\n<dt class='gallery-icon landscape'>\n\t\t\t\t<a href='https:\/\/crconsorcios.com.ar\/?attachment_id=344'><img width=\"140\" height=\"140\" src=\"https:\/\/crconsorcios.com.ar\/wp-content\/uploads\/2012\/04\/images-140x140.jpg\" class=\"attachment-thumbnail size-thumbnail\" alt=\"\" decoding=\"async\" loading=\"lazy\" srcset=\"https:\/\/crconsorcios.com.ar\/wp-content\/uploads\/2012\/04\/images-140x140.jpg 140w, https:\/\/crconsorcios.com.ar\/wp-content\/uploads\/2012\/04\/images-75x75.jpg 75w, https:\/\/crconsorcios.com.ar\/wp-content\/uploads\/2012\/04\/images-55x55.jpg 55w\" sizes=\"(max-width: 140px) 100vw, 140px\" \/><\/a>\n\t\t\t<\/dt>\n<\/dl>\n<dl class='gallery-item'>\n<dt class='gallery-icon landscape'>\n\t\t\t\t<a href='https:\/\/crconsorcios.com.ar\/?attachment_id=345'><img width=\"140\" height=\"134\" src=\"https:\/\/crconsorcios.com.ar\/wp-content\/uploads\/2012\/04\/respSocioAmbiental_img-140x134.jpg\" class=\"attachment-thumbnail size-thumbnail\" alt=\"\" decoding=\"async\" loading=\"lazy\" \/><\/a>\n\t\t\t<\/dt>\n<\/dl>\n<dl class='gallery-item'>\n<dt class='gallery-icon landscape'>\n\t\t\t\t<a href='https:\/\/crconsorcios.com.ar\/?attachment_id=346'><img width=\"140\" height=\"140\" src=\"https:\/\/crconsorcios.com.ar\/wp-content\/uploads\/2012\/04\/acao-140x140.gif\" class=\"attachment-thumbnail size-thumbnail\" alt=\"\" decoding=\"async\" loading=\"lazy\" srcset=\"https:\/\/crconsorcios.com.ar\/wp-content\/uploads\/2012\/04\/acao-140x140.gif 140w, https:\/\/crconsorcios.com.ar\/wp-content\/uploads\/2012\/04\/acao-75x75.gif 75w, https:\/\/crconsorcios.com.ar\/wp-content\/uploads\/2012\/04\/acao-55x55.gif 55w\" sizes=\"(max-width: 140px) 100vw, 140px\" \/><\/a>\n\t\t\t<\/dt>\n<\/dl>\n<p><br style=\"clear: both\" \/><\/p>\n<dl class='gallery-item'>\n<dt class='gallery-icon landscape'>\n\t\t\t\t<a href='https:\/\/crconsorcios.com.ar\/?attachment_id=347'><img width=\"140\" height=\"140\" src=\"https:\/\/crconsorcios.com.ar\/wp-content\/uploads\/2012\/04\/ambientes-140x140.jpg\" class=\"attachment-thumbnail size-thumbnail\" alt=\"\" decoding=\"async\" loading=\"lazy\" srcset=\"https:\/\/crconsorcios.com.ar\/wp-content\/uploads\/2012\/04\/ambientes-140x140.jpg 140w, https:\/\/crconsorcios.com.ar\/wp-content\/uploads\/2012\/04\/ambientes-75x75.jpg 75w, https:\/\/crconsorcios.com.ar\/wp-content\/uploads\/2012\/04\/ambientes-55x55.jpg 55w\" sizes=\"(max-width: 140px) 100vw, 140px\" \/><\/a>\n\t\t\t<\/dt>\n<\/dl>\n<p>\t\t\t<br style='clear: both' \/>\n\t\t<\/div>\n","protected":false},"excerpt":{"rendered":"<p>INFORME SOCIO AMBIENTAL Comprende una visita al domicilio del postulante, a los efectos de su verificaci\u00f3n, ocupaci\u00f3n de los integrantes del grupo familiar, aspecto e impresi\u00f3n del hogar y otros datos que nos permitan conocerlo fehacientemente. &nbsp; Ubicaci\u00f3n de la vivienda. Medios de transporte. Grupo familiar de convivencia. Estudios cursados\/conocimientos adquiridos; Informaci\u00f3n patrimonial. Informaci\u00f3n financiera. [&hellip;]<\/p>\n","protected":false},"author":2,"featured_media":0,"parent":8,"menu_order":0,"comment_status":"open","ping_status":"open","template":"","meta":[],"_links":{"self":[{"href":"https:\/\/crconsorcios.com.ar\/index.php?rest_route=\/wp\/v2\/pages\/341"}],"collection":[{"href":"https:\/\/crconsorcios.com.ar\/index.php?rest_route=\/wp\/v2\/pages"}],"about":[{"href":"https:\/\/crconsorcios.com.ar\/index.php?rest_route=\/wp\/v2\/types\/page"}],"author":[{"embeddable":true,"href":"https:\/\/crconsorcios.com.ar\/index.php?rest_route=\/wp\/v2\/users\/2"}],"replies":[{"embeddable":true,"href":"https:\/\/crconsorcios.com.ar\/index.php?rest_route=%2Fwp%2Fv2%2Fcomments&post=341"}],"version-history":[{"count":4,"href":"https:\/\/crconsorcios.com.ar\/index.php?rest_route=\/wp\/v2\/pages\/341\/revisions"}],"predecessor-version":[{"id":349,"href":"https:\/\/crconsorcios.com.ar\/index.php?rest_route=\/wp\/v2\/pages\/341\/revisions\/349"}],"up":[{"embeddable":true,"href":"https:\/\/crconsorcios.com.ar\/index.php?rest_route=\/wp\/v2\/pages\/8"}],"wp:attachment":[{"href":"https:\/\/crconsorcios.com.ar\/index.php?rest_route=%2Fwp%2Fv2%2Fmedia&parent=341"}],"curies":[{"name":"wp","href":"https:\/\/api.w.org\/{rel}","templated":true}]}}