{"id":282,"date":"2011-12-13T12:37:25","date_gmt":"2011-12-13T12:37:25","guid":{"rendered":"http:\/\/demo.scheetzdesigns.com\/rebirth\/wordpress\/?page_id=2"},"modified":"2012-07-12T18:08:41","modified_gmt":"2012-07-12T18:08:41","slug":"sample-page-2","status":"publish","type":"page","link":"https:\/\/crconsorcios.com.ar\/?page_id=282","title":{"rendered":"Seguridad e Higiene"},"content":{"rendered":"<p>En crconsultora realizamos servicios de auditoria en general para que su empresa o comercio pueda cumplir con las normas de seguridad e higiene.<\/p>\n<p>Al desarrollar acciones de\u00a0seguridad e higiene en el trabajo, los principales puntos a fortalecer en la instrucci\u00f3n de la instituci\u00f3n es la\u00a0prevenci\u00f3n. Los diferentes instructores que tienen a su cargo transmitir normas y conocimientos a los grupos de trabajo deben procurar motivar el respeto a las normas, con el fin de anticipar y corregir accidentes laborales relacionados directamente con la seguridad y la higiene. Prevenir riesgos asociados a las tareas diarias y rutinarias laborales habituales es muchas veces dificultoso. Las principales dificultades se relacionan con cambios de conducta, h\u00e1bitos y costumbres. Adem\u00e1s se debe concientizar que para prevenir se tiene como principal gu\u00eda para efectivizar las acciones, las normas de\u00a0higiene y seguridad.<\/p>\n<p>&nbsp;<\/p>\n<p>P\u00f3ngase en contacto con nosotros para recibir un asesoramiento personalizado en el tema.<\/p>\n","protected":false},"excerpt":{"rendered":"<p>En crconsultora realizamos servicios de auditoria en general para que su empresa o comercio pueda cumplir con las normas de seguridad e higiene. Al desarrollar acciones de\u00a0seguridad e higiene en el trabajo, los principales puntos a fortalecer en la instrucci\u00f3n de la instituci\u00f3n es la\u00a0prevenci\u00f3n. Los diferentes instructores que tienen a su cargo transmitir normas [&hellip;]<\/p>\n","protected":false},"author":2,"featured_media":0,"parent":8,"menu_order":0,"comment_status":"open","ping_status":"closed","template":"","meta":[],"_links":{"self":[{"href":"https:\/\/crconsorcios.com.ar\/index.php?rest_route=\/wp\/v2\/pages\/282"}],"collection":[{"href":"https:\/\/crconsorcios.com.ar\/index.php?rest_route=\/wp\/v2\/pages"}],"about":[{"href":"https:\/\/crconsorcios.com.ar\/index.php?rest_route=\/wp\/v2\/types\/page"}],"author":[{"embeddable":true,"href":"https:\/\/crconsorcios.com.ar\/index.php?rest_route=\/wp\/v2\/users\/2"}],"replies":[{"embeddable":true,"href":"https:\/\/crconsorcios.com.ar\/index.php?rest_route=%2Fwp%2Fv2%2Fcomments&post=282"}],"version-history":[{"count":4,"href":"https:\/\/crconsorcios.com.ar\/index.php?rest_route=\/wp\/v2\/pages\/282\/revisions"}],"predecessor-version":[{"id":302,"href":"https:\/\/crconsorcios.com.ar\/index.php?rest_route=\/wp\/v2\/pages\/282\/revisions\/302"}],"up":[{"embeddable":true,"href":"https:\/\/crconsorcios.com.ar\/index.php?rest_route=\/wp\/v2\/pages\/8"}],"wp:attachment":[{"href":"https:\/\/crconsorcios.com.ar\/index.php?rest_route=%2Fwp%2Fv2%2Fmedia&parent=282"}],"curies":[{"name":"wp","href":"https:\/\/api.w.org\/{rel}","templated":true}]}}